)?
5
-9 + 2 + 4 + 7 + 0
4
5 + (-21 - -16) + (-1 - 5)
-6
Calculate 7 + (3 - 7) + 1.
4
(1 - 0) + 1 - (35 - 34)
1
What is 4 + -1 + -219 + 225?
9
Calculate -5 - (-8 - -1 - -5).
-3
-1 + (36 - 23) + (-7 - 0)
5
Calculate 8 + 1 - 4 - 1 - -4.
8
(-7 - -4) + (0 - -2)
-1
-3 + 4 + 4 - (2 - 2)
5
What is -4 + (-3 - (-1 - 3))?
-3
What is (-1 + 0 + 1 - 2) + 7?
5
What is the value of (-7 + 34 - 6) + -10?
11
What is the value of -28 + 26 - (1 + 1)?
-4
Calculate -109 + 121 - (18 + -1).
-5
Calculate (12 - 0 - 8) + -9.
-5
Evaluate 7 + (1 - (-5 - -10)) + -3.
0
What is 3 + 2 - (10 + 0)?
-5
What is the value of 2 + (-8 - -10 - 5)?
-1
Evaluate -6 + 6 - 4 - (-1 - 6).
3
Calculate -2 + (-5 + 5 + -1 - 0).
-3
Evaluate 1 + (-5 - -7) - (1 - -5).
-3
What is the value of (-5 - (1 - -1)) + (29 - 26)?
-4
7 - ((3 - -1) + -4)
7
Calculate 12 + -8 + -7 + 0.
-3
What is -4 + (-3 + -3 - -11)?
1
Calculate 14 + -30 + 9 + 0.
-7
What is (99 - 109) + (1 - -4)?
-5
What is the value of (22 - 7 - 7) + -17 + -1?
-10
Evaluate -3 - (6 + 1 + -7 - 5).
2
Evaluate 0 + (-20 + 15 - (-3 + -1)).
-1
Calculate 68 + -80 - (-10 + 1).
-3
Evaluate 9 - (8 - 5 - 3).
9
-37 - -10 - -20 - (2 + 0)
-9
What is the value of 54 + -51 - (-3 - -1)?
5
What is the value of 13 - (-13 + 8 + 9)?
9
(5 - 3 - 3) + 8
7
-5 - (2 + (-2 - 1))
-4
Evaluate (1 - (-1 + 8)) + 1.
-5
-142 + 140 + (-5 - 1)
-8
What is the value of 4 - (8 + -5 + 4)?
-3
Evaluate -2 + -4 - (5 + 1 + -7).
-5
Evaluate (-1 - (9 + -1)) + 16.
7
What is the value of -6 + 0 - (-15 - -13 - 10)?
6
Calculate -16 + (34 - 11) - (2 + 1).
4
Evaluate -54 - -60 - (-2 + 0 - -4).
4
What is the value of 3 + 0 - 2 - -3?
4
Evaluate -4 + 3 + -3 + 7 + -8.
-5
-7 + (-1 + 3 - (-3 - -7))
-9
1 + -7 + 21 + -14
1
Calculate -9 + (2 - -7) + -2.
-2
Calculate -10 - (-3 - ((5 - -1) + -3)).
-4
-23 + 26 - (12 - (6 - 3))
-6
What is the value of 3 + 0 + 1 + (-5 - -2)?
1
((-4 - -5) + -4 - -4) + -4
-3
Calculate -5 - (32 + -32 - (-1 + 12)).
6
(-2 + 1 - -7) + -5
1
Calculate 2 + (-1 + 3 - 3) + -6.
-5
What is the value of (-2 - (-2 - 2)) + (-2 - 0)?
0
-7 + 7 + -2 - -4
2
-9 + (18 - (-5 - -10))
4
Evaluate -10 + 11 + (-1 - -1 - 0).
1
-6 + 8 - (7 - 0)
-5
What is the value of -3 + -5 + 5 + (-2 - 0)?
-5
What is the value of 10 + (-13 - 2) + 10?
5
Evaluate 7 - (-18 - -12 - -12).
1
What is (1 - (1 + 2)) + 1 - -1?
0
28 + -21 - (21 - 1) - -7
-6
What is the value of 1 + 1 + (-24 - -24)?
2
Evaluate 4 + -2 + (-1 - 2).
-1
3 - -1 - (12 + -18 + 10)
0
Calculate 1 + (-6 - 2 - -14) + -10.
-3
1 + (-2 - 3) + (-9 - -10)
-3
What is the value of -5 + (3 - (4 - 3))?
-3
Calculate 6 + (1 - -6) - 7.
6
-5 - -1 - (-9 - -1)
4
What is 10 + (3 - (3 + 3))?
7
Calculate 2 - (-6 - (-3 - -1) - -4).
2
What is the value of -3 - (-8 - (-4 - 3))?
-2
What is (-7 - 4) + -13 + 21?
-3
What is the value of -7 - -4 - 0 - (-6 - -3)?
0
What is -30 + 21 - (-1 - 2)?
-6
1 - -2 - (-109 - -117)
-5
Calculate (9 - 11) + (-1 - 3) + 1.
-5
Evaluate -5 + ((-2 - -2) + 3 - 3).
-5
Evaluate (7 - 9 - 9) + 1 + 2.
-8
What is the value of 2 + -2 + 0 - (4 + -5)?
1
What is 2 + -2 + (2 - 5 - -4)?
1
What is the value of (4 - 5 - -4) + -8?
-5
What is 9 + -4 + (-3 - 6)?
-4
Evaluate -7 - -1 - (7 - (19 + -1)).
5
What is the value of 12 - ((-1 - -8) + -3)?
8
What is -5 - (21 + -20 - (-2 + 9))?
1
Calculate 2 + (-4 + 4 - 5).
-3
What is -1 + 13 + -105 + 93?
0
What is (2 + -6 - -2) + (4 - 5)?
-3
What is 15 + (-14 - -3) + -8?
-4
Calculate -6 + -3 + 6 + 2.
-1
Evaluate 8 + (-7 - -3) + 0.
4
Evaluate -2 - (-2 + 3 - (16 - 5)).
8
What is the value of (10 - 30 - -12) + 7?
-1
Evaluate 5 - ((3 + 0 - 0) + -1).
3
Evaluate (4 - 4) + 0 + (7 - 4).
3
Evaluate -6 + 2 + (-3 - -6).
-1
Calculate 5 + -7 - (1 + -2).
-1
(0 - 2) + 4 - (5 - 2)
-1
What is the value of 1 + (-2 - (1 - 4))?
2
0 + -1 + 3 + 2
4
Calculate 0 + -1 + 5 - (-173 - -177).
0
What is -3 + (8 - (10 + -10))?
5
Evaluate 3 - (2 + 1 + 1 + -3).
2
2 - (-7 - -3 - (-2 - 1))
3
Calculate (1 - 1) + 6 - 4.
2
What is the value of -5 + (1 - 2) + 5?
-1
What is -4 - 1 - 1 - -3?
-3
What is the value of (-2 + (1 - 1) - 0) + -2?
-4
Calculate (0 + -15 - -2) + (-248 - -255).
-6
What is -1 - -1 - (-3 - (6 - 15))?
-6
4 + 9 + -11 + 4
6
6 + -6 + 12 - 7
5
What is the value of 2 - (-4 + 3) - (-1 - -9)?
-5
What is (0 - (-1 + -1)) + 12 + -20?
-6
Evaluate -8 + -10 + 3 + 20.
5
What is -2 + (-2 - 6) + (-1 - -5)?
-6
What is -7 + 1 + -1 + 10?
3
What is the value of 47 + -43 + (4 - (-1 + 1))?
8
What is 5 - (7 + -1 + -4)?
3
-4 - (-5 - (1 + -6))
-4
Evaluate 4 + (6 - 10) + -3 + 4.
1
Calculate -4 + -7 + (-32 - -33).
-10
What is -6 - (-1 + 5 - (-8 + 13))?
-5
Evaluate 4 + -6 + 0 + -2 + 0.
-4
Evaluate 0 + -1 + (-3 - -1).
-3
Evaluate (-1 - 0) + (-1 - 5).
-7
Evaluate 0 + 3 + (-1 - 7).
-5
Calculate (-4 - -5 - -2) + (-1 - -2).
4
What is 1 + (5 - 2) - (43 - 37)?
-2
3 + 13 + (-17 - 1)
-2
What is the value of 2 + -2 + -3 - (2 - 2)?
-3
What is (-2 - -10) + 0 - 16?
-8
Calculate -10 - (5 - 9) - -12.
6
What is 8 - (8 + -1) - -2?
3
Evaluate (-4 + 0 - -6) + (-5 - 0).
-3
What is the value of -5 - ((0 - 12) + (-3 - -7))?
3
Calculate 10 - (15 - (-2 - -10)).
3
What is 8 + 1 + -1 + (5 - 8)?
5
What is the value of -9 + (-5 - -4 - -5)?
-5
Evaluate 15 + -11 + 1 + -1 - 9.
-5
16 + -16 - (3 - -1)
-4
What is 25 + -20 + -3 + 1?
3
What is the value of (-9 - -8) + -5 - -1?
-5
What is 4 + 0 - (0 - 1)?
5
-7 - 2 - -3 - (-7 - 2)
3
(4 + 5 - 2) + -5 + 5
7
What is -5 - (-3 - 8 - -3)?
3
Evaluate -4 + (5 - 2) - -6.
5
What is the value of 6 + -5 - (0 - 0) - -4?
5
-2 - (14 - 14 - (4 - 0))
2
What is -4 + 2 + 2 - (-3 - 1)?
4
What is the value of (2 - (-3 + 8)) + -1 + 4?
0
0 + 2 + (-4 - 0)
-2
0 - (0 - (3 - (-2 - -2)))
3
What is 1 + -4 + (-3 - 1) - -3?
-4
What is (-5 + (12 - -2) - 5) + 0?
4
What is -2 - (-2 - 1 - -5)?
-4
What is -10 - (-19 - -7) - 4?
-2
What is the value of (5 - -5) + -6 + -1?
3
What is -1 + (-1 - -2) + -4?
-4
Calculate 9 + -2 - (7 + -1 + -2).
3
Calculate 5 - (0 + 1) - (-6 - -5).
5
Evaluate -1 + (-1 - -1 - 2) - -3.
0
Calculate -5 + -1 - (5 - 25 - -7).
7
-10 - ((-7 - (6 + -6)) + 3)
-6
What is the value of -1 + 4 + 2 + (-9 - -2)?
-2
Calculate (13 - 14) + 4 - (1 - 0).
2
Calculate (2 - -1 - -1) + -3.
1
-3 - (-2 + (-4 - -3) - -5)
-5
What is the value of -8 + 8 - -3 - 8?
-5
Calculate -3 + 4 + 1 - 7.
-5
What is the value of (51 - 57) + 12 + 1 + 0?
7
Evaluate -7 - 1 - (-3 + -7).
2
-5 + 6 + -6 + 0
-5
2 - (3 + -2) - (-20 + 20)
1
What is (-1 - 3) + -4 + 8?
0
What is the value of 6 + (-6 + 11 - 6) - 6?
-1
-2 + (7 - 0) + 0 + -2
3
What is the value of 4 - (3 - 5) - 3 - -2?
5
What is the value of -1 - (-3 - (-2 - -6))?
6
Evaluate (-4 - -3) + -1 - (-9 - -2).
5
What is 2 + 0 - (-9 + 15 + -7)?
3
What is -2 + (3 - (4 + 0)) + 2?
-1
What is 4 - (-11 - -6) - 17?
-8
What is the value of -15 + 3 + (0 - -5) - -6?
-1
What is -6 + 4 + -2 + (18 - 12)?
2
What is -4 + (1 - (9 + -19)) - -3?
10
Evaluate 1 + -9 + -6 + 8.
-6
What is the value of -1 + -5 + 5 + 5?
4
What is the value of -4 + 3 - 4 - -1?
-4
What is 1 - (0 - 2 - (9 + -11))?
1
Calculate -13 + 6 + 2 - -3.
-2
Evaluate 14 + -11 - (2 + -1) - 1.
1
What is -1 + (-2 - (-2 - (4 - 1)))?
2
0 + -1 + 6 + 3 + -5
3
Calculate (2 - (-1 + 3)) + (0 - 2).
-2
What is the value of -3 - (3 - (5 + 3))?
2
Calculate 0 - (0 - 2) - 1 - 2.
-1
Evaluate 1 + -3 + -1 - 2.
-5
What is -7 + (15 - (-2 - -1)) + -2?
7
Calculate (7 - 1) + -1 + -33 + 27.
-1
(-5 - -13 - -8) + -12
4
What is -5 - (-11 - 0) - 9?
-3
What is -6 + 2 + 3 - (0 - 5)?
4
What is 1 - 1 - (11 - (3 + 13))?
5
4 + -2 - (0 - 3)
5
Calculate -7 - (1 + -1 - 3).
-4
(1 + 3 - -1) + 1 + -4
2
Calculate -13 + (3 - -17) + -13.
-6
What is the value of -2 - (4 + -1) - -4?
-1
What is the value of 1 - (-5 + 6 - 2 - 1)?
3
Calculate 5 - (2 - (4 + -1 - -1)).
7
Evaluate -1 + 4 + 5 + -5.
3
Calculate 3 + -9 - (-12 - -10).
-4
What is the value of (-4 + 8 - 0) + 3?
7
(6 - -1) + -2 - (5 - 3)
3
What is (-11 - (-10 - -5)) + 4?
-2
What is 10 + (-16 - -7) - 1?
0
Calculate 19 - (-3 - (6 + -19)).
9
What is 11 + (-2 - 2) + (-9 - -8)?
6
Calculate -5 - (0 - (7 + -3)).
-1
What is the value of 6 + (13 - 12) - 3?
4
What is 10 + -18 - (-3 + -2)?
-3
4 - -1 - 4 - -1
2
What is -2 + -1 + (6 - 7)?
-4
What is the value of 2 + (2 - (-5 + 14))?
-5
What is the value of 56 + -67 + 8 + -2?
-5
Calculate -26 + 25 + (6 - 1) - -4.
8
22 + (-5 + -15 - -9)
11
Calculate (11 - (5 - -4)) + 1 + -3.
0
What is 3